the greatest common divisor of f and x.
6
Let m be (-2)/(-7) - 108/(-63). Suppose 0*i = -m*i + 360. Calculate the greatest common divisor of 20 and i.
20
Suppose 0 = g - 4*g + 18. Suppose 7*q - 25 = 2*q. Suppose q*j + 2 = 4*u + 20, -3*j + 15 = -u. What is the greatest common factor of j and g?
6
Suppose d + 3*d = 44. Let f = 1 + -2. Let o be ((f - -2) + -45)*-1. What is the greatest common divisor of o and d?
11
Suppose 3*s + 64 = 2*a - 96, -5*a = -5*s - 260. Let d = -40 - s. Calculate the highest common factor of d and 4.
4
Let x(p) = p**3 + 26*p**2 - 27*p + 32. Let u be x(-27). What is the highest common factor of 8 and u?
8
Let b = -27 + 38. Suppose 0 = b*q - 6*q - 300. What is the greatest common divisor of q and 20?
20
Let z = 7 - 3. Let h = z - 5. Let a be (-10)/(-15)*(-81)/h. Calculate the highest common factor of 18 and a.
18
Let s = -92 - -131. What is the highest common divisor of 26 and s?
13
Let p(u) = -2*u + 2. Let s be p(-2). Suppose -2*q + 0*q + 30 = -4*g, -3*q = -3*g - 30. Let c = q + -1. Calculate the greatest common divisor of c and s.
2
Suppose b = 3*b - 40. Let y = b - 9. What is the highest common divisor of y and 99?
11
Let s(q) = 14*q + 2. Let m be 1*(1 - -4)*1. Let z be s(m). Calculate the highest common divisor of 9 and z.
9
Suppose q - 27 = -6*o + 2*o, -2*o = -5*q - 19. Suppose 0*a - 95 = -3*h + 2*a, 50 = 2*h - 4*a. Calculate the greatest common divisor of o and h.
7
Suppose t + 320 = 5*t. Suppose 3*f - 151 = t. Calculate the greatest common divisor of 7 and f.
7
Let x = -107 - -173. What is the greatest common factor of 165 and x?
33
Let h(m) = -9 + 2*m**2 - 7*m**2 + 3*m**2 + 3*m**2 + 2*m. Let z be h(-9). What is the greatest common divisor of 6 and z?
6
Let v = -22 + 26. What is the greatest common factor of 44 and v?
4
Suppose 2*o = -o. Suppose 5*u + 0*j - 76 = -3*j, o = -4*u - 3*j + 62. What is the greatest common divisor of u and 21?
7
Let w(d) = 10*d**3. Let f be w(1). Suppose a - f - 1 = 0. Suppose 2*v + 2 = 4*v. Calculate the highest common factor of a and v.
1
Let n = 200 - 292. Let l = n - -169. What is the greatest common divisor of 7 and l?
7
Let v(l) = l - 3. Let f be v(11). What is the highest common divisor of f and 152?
8
Let f be (1/2)/1*72. Let m be 15 + 0 + -2 + 0. Let t(x) = -x**2 + 13*x + 4. Let n be t(m). Calculate the greatest common factor of n and f.
4
Let z(p) = -2*p**2 + 3*p**2 - p**3 + 4 + 2*p**2 + p. Let d be z(3). Suppose 11*u + 14 = 13*u. Calculate the greatest common factor of u and d.
7
Suppose 4*w = -4*t + 32, -2*t - t = -5*w. Suppose 3*f + t*z = -0*f + 67, -f = -2*z - 26. Calculate the highest common factor of 8 and f.
8
Suppose -3*o - 2*a = 3*a - 289, -3*o + 292 = 2*a. Suppose -37 = -t + w, 3*t - 5*w = 7*t - 139. Let v = t - 22. Calculate the greatest common factor of v and o.
14
Let j = -10 + 13. Let d be -2*2*2/(-8). Suppose 16 - d = 5*o. Calculate the greatest common divisor of o and j.
3
Suppose a = -0*a + 12. What is the highest common factor of 6 and a?
6
Let w = 38 + -24. Calculate the greatest common factor of w and 28.
14
Let b be (2 - (-1 - -2))/((-6)/(-24)). Calculate the greatest common factor of b and 6.
2
Let q = 64 + -58. Calculate the highest common factor of q and 15.
3
Let p be -2*3/(6/(-5)). Suppose -p*g = -47 - 13. Calculate the highest common divisor of g and 48.
12
Let d(x) = x + 8. Let l be d(0). Let h = 46 + -23. Suppose -25 = -2*a - 4*k - 5, -k = -3*a + h. Calculate the highest common factor of l and a.
8
Suppose -5 + 49 = 2*c. What is the greatest common divisor of 110 and c?
22
Let b(i) = i**2 - 11*i - 22. Let d be b(-5). Calculate the greatest common factor of d and 58.
58
Suppose 7*k - 2*k = 180. Calculate the highest common divisor of k and 36.
36
Let u = -3 + 6. Suppose h - j = 2, -u*j + 0 = h + 2. Calculate the highest common divisor of h and 11.
1
Let r(y) = -18*y - 4. Let u be r(-6). Suppose -67 = -2*x - b + 37, 2*x - u = 3*b. What is the highest common factor of 13 and x?
13
Suppose 2*p = -4*w + 38, 4*p - 3*w - 76 = 2*w. Calculate the greatest common divisor of 38 and p.
19
Suppose -13 + 0 = d. Let o be 12/14*(1 - d). Calculate the greatest common factor of 4 and o.
4
Suppose c = -5*f + 13, -5*c + f + 1 = -12. Let b be -1*26/(-6)*c. Suppose 0 = -4*k + 41 - b. Calculate the highest common divisor of 1 and k.
1
Suppose -4*k + k = n - 194, -5*n + 938 = -k. Let y be 1/(4 + n/(-48)). What is the greatest common divisor of 60 and y?
12
Suppose 0*q + 24 = -3*q. Let u = q + 13. What is the greatest common factor of 25 and u?
5
Let y = 12 + -7. Suppose -15 = -3*o + t, -y*t + t = 0. What is the highest common factor of 45 and o?
5
Let l(k) = 3*k + 10. Let p(m) = 6*m + 19. Let j(u) = 11*l(u) - 6*p(u). Let c be j(-2). What is the highest common divisor of c and 2?
2
Suppose 3*d - g + 2*g = 71, 4*g = 20. Suppose -4*s - 12 = 0, -5*s - 24 - 57 = -2*w. Calculate the greatest common divisor of w and d.
11
Let h be 0*(-1)/2 + 7. Suppose 2*f + 5*t - 20 = 0, -3*f - h*t = -4*t - 30. What is the greatest common divisor of 70 and f?
10
Let q(v) = -v - 3. Let o be q(-6). Let n(c) = 3*c**3 - 4*c. Let h be n(o). What is the greatest common divisor of 23 and h?
23
Let a(t) = -5*t + 8. Let x(h) = -4*h + 8. Let d(n) = -3*a(n) + 4*x(n). Let i be d(-7). Calculate the greatest common divisor of i and 5.
5
Suppose -2*g - 10*a = -8*a - 48, 0 = -4*g + 2*a + 72. What is the greatest common factor of 220 and g?
20
Let w(h) = -h**3 + 6*h**2 + 7*h + 3. Let k be w(7). Suppose 2*s = -k*s + 45. Let v = s + 11. Calculate the greatest common divisor of 10 and v.
10
Suppose -w = -3*w + 24. Let f be ((-4)/10)/((-2)/30). Calculate the highest common divisor of f and w.
6
Let d(o) = -5*o - 14. Let u be d(-4). Calculate the greatest common divisor of 6 and u.
6
Let l = -78 + 150. What is the greatest common divisor of 18 and l?
18
Suppose -37 - 8 = -3*d - 3*y, -2*y = -d. Let m(v) = 10*v**2 + v - 1. Let h be m(1). Calculate the highest common divisor of h and d.
10
Suppose 22 = -4*p + 5*p. Let a = -119 - -361. What is the highest common factor of p and a?
22
Let x(c) = 2*c**2 - 10*c - 12. Let f be x(8). Calculate the highest common divisor of 9 and f.
9
Let u(d) = d + 5 - 2*d**2 - 2*d**2 - d**3 - d**2. Let b be u(-6). Suppose v - 2*a + 5 = 0, -5*v - a + b = a. What is the greatest common factor of v and 15?
5
Suppose -16 = -b + 2*m, -3*b - 22 + 64 = -4*m. What is the greatest common divisor of 190 and b?
10
Let r(o) = -2*o**2 - 21*o - 7. Let n be r(-10). Calculate the highest common factor of 33 and n.
3
Suppose 0 = -5*p + 5*i + 195, 2*p - 113 = -4*i - 5. Calculate the greatest common divisor of p and 11.
11
Let f = -9 + 9. Let k be -1 - 2 - f - -23. What is the greatest common divisor of 160 and k?
20
Let u be (51/6)/1*-2. Let y = -4 - u. Calculate the highest common factor of 117 and y.
13
Suppose -o + 5*l = 8*l - 57, -4*o = 5*l - 200. Calculate the greatest common divisor of 15 and o.
15
Let z(m) = m**3 + 9*m**2 - 2*m - 5. Let u be z(-9). What is the greatest common factor of u and 156?
13
Let v = -27 + 30. Suppose -d + 1 = -v. What is the highest common factor of d and 44?
4
Let h(y) = 13*y - 6. Let l be h(6). Suppose 5*v + l - 232 = 0. Let b = -3 - -51. What is the greatest common divisor of b and v?
16
Let d = -92 - -260. Suppose a = 4*a - d. Calculate the highest common divisor of 8 and a.
8
Suppose 0 = -4*w - 6*z + z + 185, -5*w + 256 = -2*z. Calculate the greatest common divisor of w and 20.
10
Let l(i) = -i + 1. Let n be l(-7). Let v(r) = r**3 - 7*r**2 - 8*r + 2. Let h be v(n). Let u = h + 7. Calculate the greatest common factor of 45 and u.
9
Let i(k) = -k + 1. Let o be i(5). Let n be (-2)/o*(14 - 6). Suppose 0*q = -n*q + 80. Calculate the highest common divisor of 5 and q.
5
Let u(m) = 18*m**3 + 15*m + 15*m**3 - 15*m. Let c be u(1). Let z be 34/3 - 1/3. What is the highest common factor of c and z?
11
Let y be (-1)/(2/(-6)) + (11 - -6). Calculate the highest common divisor of 30 and y.
10
Let p be (-2 + (-96)/(-40))/(2/70). What is the greatest common divisor of p and 98?
14
Suppose -h - 82 = z - 3*h, -h = -1. Let k(m) = 13*m**2 - 2. Let r be k(-3). Let u = r + z. Calculate the greatest common factor of 5 and u.
5
Let r(y) = 3*y. Let t(n) = -1. Let h(z) = r(z) + 2*t(z). Let s be h